{"id":114,"date":"2019-12-05T13:46:00","date_gmt":"2019-12-05T12:46:00","guid":{"rendered":"https:\/\/deinsen.de\/?page_id=114"},"modified":"2026-03-02T18:58:16","modified_gmt":"2026-03-02T17:58:16","slug":"home","status":"publish","type":"page","link":"https:\/\/www.deinsen.de\/","title":{"rendered":"Home"},"content":{"rendered":"\n<h2 class=\"wp-block-heading\">Ist der Dorfladen in Deinsen zur\u00fcck?<\/h2>\n\n\n\n<div class=\"wp-block-media-text is-stacked-on-mobile\"><figure class=\"wp-block-media-text__media\"><img loading=\"lazy\" decoding=\"async\" width=\"214\" height=\"130\" src=\"https:\/\/www.deinsen.de\/wp-content\/uploads\/Schopp-e1768386249534.png\" alt=\"\" class=\"wp-image-4118 size-full\"\/><\/figure><div class=\"wp-block-media-text__content\">\n<p><strong>Dieser Dorfladen ist eine echte Chance, unsere Gemeinschaft zu st\u00e4rken und die Versorgung vor Ort zu sichern.<\/strong><\/p>\n\n\n\n<p>Liebe Dorfbewohnerinnen und Dorfbewohner,<br>liebe Interessierte aus den Nachbargemeinden,<\/p>\n\n\n\n<p><strong>jetzt wird es sportlich&#8230; <\/strong><\/p>\n<\/div><\/div>\n\n\n\n<p>(17.2.26) <strong><mark style=\"background-color:rgba(0, 0, 0, 0)\" class=\"has-inline-color has-accent-color\">Die 1. H\u00fcrde ist genommen. Wir haben 104,71 % der Quote erreicht. <br>Der Architekt wurde vom Schopp-Betreiber beauftragt. Der Kontakt zur Samtgemeinde Leinebergland wurde hergestellt und damit werden die ersten Gespr\u00e4che f\u00fcr eine Baugenehmigung gef\u00fchrt. <\/mark><\/strong><\/p>\n\n\n\n<p>Interessenbekundungen kann es nicht genug geben.<strong><br>Meldet euch bitte an unter <a href=\"https:\/\/www.dein-schopp.de\/gemeinde-deinsen\/\">https:\/\/www.dein-schopp.de\/gemeinde-deinsen\/<\/a> kurzfristig an.<\/strong> <br>\ud83d\udc49<strong>Bitte macht Werbung im Freundeskreis, damit wir gemeinsam starten k\u00f6nnen!<\/strong> <br>Damit der Bau des Dorfladens starten kann, ben\u00f6tigen wir eine <strong>Quote von 100 % Interessenbekundungen<\/strong>. Erst dann k\u00f6nnen Planung und Baugenehmigung beginnen. Ab diesem Zeitpunkt dauert es voraussichtlich etwa ein Jahr bis zur Fertigstellung.<\/p>\n\n\n\n<p><strong>Sachstand zum Dorfladen in Deinsen<\/strong><\/p>\n\n\n\n<p>F\u00fcr unser Dorf bietet sich eine gro\u00dfe Chance: Mit <em>\u201eUnser Schopp\u201c<\/em> haben wir einen Betreiber gefunden, der die Investitionen \u00fcbernimmt und die Umsetzung des Einzelhandels organisiert. Die Lebensmittelh\u00e4ndler in Duingen, Eime und Gronau hatten leider kein Interesse \u2013 der Trend geht eher zu Gemeinden ab 5.000 Einwohnern. Damit w\u00fcrden unsere Wege in Zukunft noch weiter werden.<\/p>\n\n\n\n<hr class=\"wp-block-separator has-alpha-channel-opacity\"\/>\n\n\n\n<p><strong>Wichtige Infos<\/strong><\/p>\n\n\n\n<ol start=\"1\" class=\"wp-block-list\">\n<li>Der Laden von Grube in Deinsen schlie\u00dft Ende 2026.<\/li>\n\n\n\n<li>Bargeldabhebungen sind im Dorfladen (in kleinen Mengen) m\u00f6glich.<\/li>\n\n\n\n<li>Regionale Produkte wie Eier, Fleisch und Brot werden angeboten \u2013 der erste Anbieter hat sich bereits beworben.<\/li>\n\n\n\n<li>Ge\u00f6ffnet rund um die Uhr, an 7 Tagen in der Woche.<\/li>\n\n\n\n<li>Geplanter Standort: Am Spielplatz in Deinsen. Container mit ca. 72 qm.<\/li>\n\n\n\n<li>Sortiment: ca. 1.600 Produkte der Grundversorgung (Lebensmittel, Hygieneartikel, Putzmittel, Tiernahrung usw.). Lieferant wird Rewe oder Edeka sein<\/li>\n\n\n\n<li>Aktuelle Quote: 104,71 % \u2013 <strong>die 1. H\u00fcrde ist geschafft<\/strong><\/li>\n\n\n\n<li>Ein Auslieferungsservice wird gepr\u00fcft, hierf\u00fcr findet sich sicher eine L\u00f6sung.<\/li>\n\n\n\n<li>Zugang \u00fcber Kundenkarte (mit 5 % Rabatt auf den Einkauf)  oder Personalausweis<\/li>\n<\/ol>\n\n\n\n<hr class=\"wp-block-separator has-alpha-channel-opacity\"\/>\n\n\n\n<p>weitere Infos an. Ortrud Michael 05185\/6587<\/p>\n\n\n\n<h2 class=\"wp-block-heading\">************************************************************************<\/h2>\n\n\n\n<p><\/p>\n","protected":false},"excerpt":{"rendered":"<p>Ist der Dorfladen in Deinsen zur\u00fcck? Dieser Dorfladen ist eine echte Chance, unsere Gemeinschaft zu st\u00e4rken und die Versorgung vor Ort zu sichern. Liebe Dorfbewohnerinnen und Dorfbewohner,liebe Interessierte aus den<\/p>\n","protected":false},"author":1,"featured_media":150,"parent":0,"menu_order":0,"comment_status":"closed","ping_status":"closed","template":"template-slider.php","meta":{"footnotes":""},"class_list":["post-114","page","type-page","status-publish","has-post-thumbnail","hentry"],"_links":{"self":[{"href":"https:\/\/www.deinsen.de\/index.php?rest_route=\/wp\/v2\/pages\/114","targetHints":{"allow":["GET"]}}],"collection":[{"href":"https:\/\/www.deinsen.de\/index.php?rest_route=\/wp\/v2\/pages"}],"about":[{"href":"https:\/\/www.deinsen.de\/index.php?rest_route=\/wp\/v2\/types\/page"}],"author":[{"embeddable":true,"href":"https:\/\/www.deinsen.de\/index.php?rest_route=\/wp\/v2\/users\/1"}],"replies":[{"embeddable":true,"href":"https:\/\/www.deinsen.de\/index.php?rest_route=%2Fwp%2Fv2%2Fcomments&post=114"}],"version-history":[{"count":53,"href":"https:\/\/www.deinsen.de\/index.php?rest_route=\/wp\/v2\/pages\/114\/revisions"}],"predecessor-version":[{"id":4148,"href":"https:\/\/www.deinsen.de\/index.php?rest_route=\/wp\/v2\/pages\/114\/revisions\/4148"}],"wp:featuredmedia":[{"embeddable":true,"href":"https:\/\/www.deinsen.de\/index.php?rest_route=\/wp\/v2\/media\/150"}],"wp:attachment":[{"href":"https:\/\/www.deinsen.de\/index.php?rest_route=%2Fwp%2Fv2%2Fmedia&parent=114"}],"curies":[{"name":"wp","href":"https:\/\/api.w.org\/{rel}","templated":true}]}}

<h2 class="wp-block-heading">Ist der Dorfladen in Deinsen zurück?</h2>



<div class="wp-block-media-text is-stacked-on-mobile"><figure class="wp-block-media-text__media"><img loading="lazy" decoding="async" width="214" height="130" src="https://www.deinsen.de/wp-content/uploads/Schopp-e1768386249534.png" alt="" class="wp-image-4118 size-full"/></figure><div class="wp-block-media-text__content">
<p><strong>Dieser Dorfladen ist eine echte Chance, unsere Gemeinschaft zu stärken und die Versorgung vor Ort zu sichern.</strong></p>



<p>Liebe Dorfbewohnerinnen und Dorfbewohner,<br>liebe Interessierte aus den Nachbargemeinden,</p>



<p><strong>jetzt wird es sportlich&#8230; </strong></p>
</div></div>



<p>(17.2.26) <strong><mark style="background-color:rgba(0, 0, 0, 0)" class="has-inline-color has-accent-color">Die 1. Hürde ist genommen. Wir haben 104,71 % der Quote erreicht. <br>Der Architekt wurde vom Schopp-Betreiber beauftragt. Der Kontakt zur Samtgemeinde Leinebergland wurde hergestellt und damit werden die ersten Gespräche für eine Baugenehmigung geführt. </mark></strong></p>



<p>Interessenbekundungen kann es nicht genug geben.<strong><br>Meldet euch bitte an unter <a href="https://www.dein-schopp.de/gemeinde-deinsen/">https://www.dein-schopp.de/gemeinde-deinsen/</a> kurzfristig an.</strong> <br>👉<strong>Bitte macht Werbung im Freundeskreis, damit wir gemeinsam starten können!</strong> <br>Damit der Bau des Dorfladens starten kann, benötigen wir eine <strong>Quote von 100 % Interessenbekundungen</strong>. Erst dann können Planung und Baugenehmigung beginnen. Ab diesem Zeitpunkt dauert es voraussichtlich etwa ein Jahr bis zur Fertigstellung.</p>



<p><strong>Sachstand zum Dorfladen in Deinsen</strong></p>



<p>Für unser Dorf bietet sich eine große Chance: Mit <em>„Unser Schopp“</em> haben wir einen Betreiber gefunden, der die Investitionen übernimmt und die Umsetzung des Einzelhandels organisiert. Die Lebensmittelhändler in Duingen, Eime und Gronau hatten leider kein Interesse – der Trend geht eher zu Gemeinden ab 5.000 Einwohnern. Damit würden unsere Wege in Zukunft noch weiter werden.</p>



<hr class="wp-block-separator has-alpha-channel-opacity"/>



<p><strong>Wichtige Infos</strong></p>



<ol start="1" class="wp-block-list">
<li>Der Laden von Grube in Deinsen schließt Ende 2026.</li>



<li>Bargeldabhebungen sind im Dorfladen (in kleinen Mengen) möglich.</li>



<li>Regionale Produkte wie Eier, Fleisch und Brot werden angeboten – der erste Anbieter hat sich bereits beworben.</li>



<li>Geöffnet rund um die Uhr, an 7 Tagen in der Woche.</li>



<li>Geplanter Standort: Am Spielplatz in Deinsen. Container mit ca. 72 qm.</li>



<li>Sortiment: ca. 1.600 Produkte der Grundversorgung (Lebensmittel, Hygieneartikel, Putzmittel, Tiernahrung usw.). Lieferant wird Rewe oder Edeka sein</li>



<li>Aktuelle Quote: 104,71 % – <strong>die 1. Hürde ist geschafft</strong></li>



<li>Ein Auslieferungsservice wird geprüft, hierfür findet sich sicher eine Lösung.</li>



<li>Zugang über Kundenkarte (mit 5 % Rabatt auf den Einkauf)  oder Personalausweis</li>
</ol>



<hr class="wp-block-separator has-alpha-channel-opacity"/>



<p>weitere Infos an. Ortrud Michael 05185/6587</p>



<h2 class="wp-block-heading">************************************************************************</h2>



<p></p>

<p>Ist der Dorfladen in Deinsen zurück? Dieser Dorfladen ist eine echte Chance, unsere Gemeinschaft zu stärken und die Versorgung vor Ort zu sichern. Liebe Dorfbewohnerinnen und Dorfbewohner,liebe Interessierte aus den</p>
