{"id":3718,"date":"2025-07-19T17:30:53","date_gmt":"2025-07-19T15:30:53","guid":{"rendered":"https:\/\/www.deinsen.de\/?page_id=3718"},"modified":"2025-08-28T18:07:41","modified_gmt":"2025-08-28T16:07:41","slug":"or-die-letzte-milchkanne-verladen","status":"publish","type":"page","link":"https:\/\/www.deinsen.de\/?page_id=3718","title":{"rendered":"OR &#8211; Die letzte Milchkanne wird verladen"},"content":{"rendered":"\n<p>zu finden: Am Friedhof\/Ecke Zwischen den Z\u00e4unen<\/p>\n\n\n\n<p>(Quelle LDZ Februar 1975) <\/p>\n\n\n\n<p>Zum letztenmal wurden am Sonntag die vollen Milchkannen von Deinsen zur Molkerei nach Limmer gebracht. Trotz der allgemeinen Krise hat die Technisierung hier nicht halt gemacht. Seit gestern wird die Milch von den noch verbliebenen Landwirten mit K\u00fchen in einem Tankfahrzeug abgeholt. \u00dcber 47 Jahre lang hat Bauer Winkelmann, fr\u00fcher der Vater, die vielen Milchkannen t\u00e4glich bei Wind und Wetter von Deinsen mit Marienhagen und Rott zur Molkerei gefahren. Fr\u00fcher nach Eime auch noch mit Pferd und Wagen, dann mit dem Trecker am Schluss zur Molkerei in Limmer. Unser Bild zeigt Heinz Winkelmann mit seinem Freund Markus beim Verladen der letzten Milchkannen in Deinsen, womit eine alte Tradition zu Ende geht.<\/p>\n\n\n\n<p>Eine der letzten Milchb\u00e4nke ist an der Ecke Langen Stra\u00dfe\/ Zwischen den Z\u00e4unen bei Friedrich Stucke noch bis heute (31.8.2025) zu sehen.<\/p>\n\n\n\n<figure class=\"wp-block-gallery has-nested-images columns-default is-cropped wp-block-gallery-1 is-layout-flex wp-block-gallery-is-layout-flex\">\n<figure class=\"wp-block-image size-large\"><a href=\"https:\/\/www.deinsen.de\/wp-content\/uploads\/Deinsen_Nr.-35-Stucke.png\"><img loading=\"lazy\" decoding=\"async\" width=\"1024\" height=\"683\" data-id=\"3725\" src=\"https:\/\/www.deinsen.de\/wp-content\/uploads\/Deinsen_Nr.-35-Stucke-1024x683.png\" alt=\"\" class=\"wp-image-3725\" srcset=\"https:\/\/www.deinsen.de\/wp-content\/uploads\/Deinsen_Nr.-35-Stucke-1024x683.png 1024w, https:\/\/www.deinsen.de\/wp-content\/uploads\/Deinsen_Nr.-35-Stucke-300x200.png 300w, https:\/\/www.deinsen.de\/wp-content\/uploads\/Deinsen_Nr.-35-Stucke-768x512.png 768w, https:\/\/www.deinsen.de\/wp-content\/uploads\/Deinsen_Nr.-35-Stucke-120x80.png 120w, https:\/\/www.deinsen.de\/wp-content\/uploads\/Deinsen_Nr.-35-Stucke.png 1536w\" sizes=\"auto, (max-width: 1024px) 100vw, 1024px\" \/><\/a><figcaption class=\"wp-element-caption\">Foto: Fr. Vennekohl<\/figcaption><\/figure>\n\n\n\n<figure class=\"wp-block-image size-large\"><a href=\"https:\/\/www.deinsen.de\/wp-content\/uploads\/LDZ-Milchkanne.png\"><img loading=\"lazy\" decoding=\"async\" width=\"768\" height=\"768\" data-id=\"3720\" src=\"https:\/\/www.deinsen.de\/wp-content\/uploads\/LDZ-Milchkanne.png\" alt=\"\" class=\"wp-image-3720\" srcset=\"https:\/\/www.deinsen.de\/wp-content\/uploads\/LDZ-Milchkanne.png 768w, https:\/\/www.deinsen.de\/wp-content\/uploads\/LDZ-Milchkanne-300x300.png 300w, https:\/\/www.deinsen.de\/wp-content\/uploads\/LDZ-Milchkanne-150x150.png 150w\" sizes=\"auto, (max-width: 768px) 100vw, 768px\" \/><\/a><\/figure>\n<\/figure>\n\n\n\n<p>Quelle: LDZ vom 18.2.1975<\/p>\n\n\n\n<p>In Deinsen ist die Landwirtschaft nach wie vor ein zentraler Bestandteil des Dorflebens. Mit f\u00fcnf aktiven Betrieben und einem starken Bezug zur Region zeigt sich hier, wie b\u00e4uerliche Traditionen und moderne Ans\u00e4tze Hand in Hand gehen. Die Landwirtschaftsbetriebe in Deinsen sind \u00fcberwiegend familiengef\u00fchrt und setzen auf nachhaltige Bewirtschaftung. <br>Die Landwirtschaft ist nicht nur Wirtschaftszweig, sondern auch sozialer Anker: Sie pr\u00e4gt das Dorfbild und unterst\u00fctzt lokale Veranstaltungen.<\/p>\n","protected":false},"excerpt":{"rendered":"<p>zu finden: Am Friedhof\/Ecke Zwischen den Z\u00e4unen (Quelle LDZ Februar 1975) Zum letztenmal wurden am Sonntag die vollen Milchkannen von Deinsen zur Molkerei nach Limmer gebracht. Trotz der allgemeinen Krise<\/p>\n","protected":false},"author":1,"featured_media":0,"parent":0,"menu_order":0,"comment_status":"closed","ping_status":"closed","template":"","meta":{"footnotes":""},"class_list":["post-3718","page","type-page","status-publish","hentry"],"_links":{"self":[{"href":"https:\/\/www.deinsen.de\/index.php?rest_route=\/wp\/v2\/pages\/3718","targetHints":{"allow":["GET"]}}],"collection":[{"href":"https:\/\/www.deinsen.de\/index.php?rest_route=\/wp\/v2\/pages"}],"about":[{"href":"https:\/\/www.deinsen.de\/index.php?rest_route=\/wp\/v2\/types\/page"}],"author":[{"embeddable":true,"href":"https:\/\/www.deinsen.de\/index.php?rest_route=\/wp\/v2\/users\/1"}],"replies":[{"embeddable":true,"href":"https:\/\/www.deinsen.de\/index.php?rest_route=%2Fwp%2Fv2%2Fcomments&post=3718"}],"version-history":[{"count":10,"href":"https:\/\/www.deinsen.de\/index.php?rest_route=\/wp\/v2\/pages\/3718\/revisions"}],"predecessor-version":[{"id":3893,"href":"https:\/\/www.deinsen.de\/index.php?rest_route=\/wp\/v2\/pages\/3718\/revisions\/3893"}],"wp:attachment":[{"href":"https:\/\/www.deinsen.de\/index.php?rest_route=%2Fwp%2Fv2%2Fmedia&parent=3718"}],"curies":[{"name":"wp","href":"https:\/\/api.w.org\/{rel}","templated":true}]}}

<p>zu finden: Am Friedhof/Ecke Zwischen den Zäunen</p>



<p>(Quelle LDZ Februar 1975) </p>



<p>Zum letztenmal wurden am Sonntag die vollen Milchkannen von Deinsen zur Molkerei nach Limmer gebracht. Trotz der allgemeinen Krise hat die Technisierung hier nicht halt gemacht. Seit gestern wird die Milch von den noch verbliebenen Landwirten mit Kühen in einem Tankfahrzeug abgeholt. Über 47 Jahre lang hat Bauer Winkelmann, früher der Vater, die vielen Milchkannen täglich bei Wind und Wetter von Deinsen mit Marienhagen und Rott zur Molkerei gefahren. Früher nach Eime auch noch mit Pferd und Wagen, dann mit dem Trecker am Schluss zur Molkerei in Limmer. Unser Bild zeigt Heinz Winkelmann mit seinem Freund Markus beim Verladen der letzten Milchkannen in Deinsen, womit eine alte Tradition zu Ende geht.</p>



<p>Eine der letzten Milchbänke ist an der Ecke Langen Straße/ Zwischen den Zäunen bei Friedrich Stucke noch bis heute (31.8.2025) zu sehen.</p>



<figure class="wp-block-gallery has-nested-images columns-default is-cropped wp-block-gallery-1 is-layout-flex wp-block-gallery-is-layout-flex">
<figure class="wp-block-image size-large"><a href="https://www.deinsen.de/wp-content/uploads/Deinsen_Nr.-35-Stucke.png"><img loading="lazy" decoding="async" width="1024" height="683" data-id="3725" src="https://www.deinsen.de/wp-content/uploads/Deinsen_Nr.-35-Stucke-1024x683.png" alt="" class="wp-image-3725" srcset="https://www.deinsen.de/wp-content/uploads/Deinsen_Nr.-35-Stucke-1024x683.png 1024w, https://www.deinsen.de/wp-content/uploads/Deinsen_Nr.-35-Stucke-300x200.png 300w, https://www.deinsen.de/wp-content/uploads/Deinsen_Nr.-35-Stucke-768x512.png 768w, https://www.deinsen.de/wp-content/uploads/Deinsen_Nr.-35-Stucke-120x80.png 120w, https://www.deinsen.de/wp-content/uploads/Deinsen_Nr.-35-Stucke.png 1536w" sizes="auto, (max-width: 1024px) 100vw, 1024px" /></a><figcaption class="wp-element-caption">Foto: Fr. Vennekohl</figcaption></figure>



<figure class="wp-block-image size-large"><a href="https://www.deinsen.de/wp-content/uploads/LDZ-Milchkanne.png"><img loading="lazy" decoding="async" width="768" height="768" data-id="3720" src="https://www.deinsen.de/wp-content/uploads/LDZ-Milchkanne.png" alt="" class="wp-image-3720" srcset="https://www.deinsen.de/wp-content/uploads/LDZ-Milchkanne.png 768w, https://www.deinsen.de/wp-content/uploads/LDZ-Milchkanne-300x300.png 300w, https://www.deinsen.de/wp-content/uploads/LDZ-Milchkanne-150x150.png 150w" sizes="auto, (max-width: 768px) 100vw, 768px" /></a></figure>
</figure>



<p>Quelle: LDZ vom 18.2.1975</p>



<p>In Deinsen ist die Landwirtschaft nach wie vor ein zentraler Bestandteil des Dorflebens. Mit fünf aktiven Betrieben und einem starken Bezug zur Region zeigt sich hier, wie bäuerliche Traditionen und moderne Ansätze Hand in Hand gehen. Die Landwirtschaftsbetriebe in Deinsen sind überwiegend familiengeführt und setzen auf nachhaltige Bewirtschaftung. <br>Die Landwirtschaft ist nicht nur Wirtschaftszweig, sondern auch sozialer Anker: Sie prägt das Dorfbild und unterstützt lokale Veranstaltungen.</p>

<p>zu finden: Am Friedhof/Ecke Zwischen den Zäunen (Quelle LDZ Februar 1975) Zum letztenmal wurden am Sonntag die vollen Milchkannen von Deinsen zur Molkerei nach Limmer gebracht. Trotz der allgemeinen Krise</p>
