{"id":3734,"date":"2025-07-28T15:46:39","date_gmt":"2025-07-28T13:46:39","guid":{"rendered":"https:\/\/www.deinsen.de\/?page_id=3734"},"modified":"2025-08-28T17:34:45","modified_gmt":"2025-08-28T15:34:45","slug":"or-am-thiebrunnen","status":"publish","type":"page","link":"https:\/\/www.deinsen.de\/?page_id=3734","title":{"rendered":"OR &#8211; Am Thiebrunnen"},"content":{"rendered":"\n<p>zu finden: Am Thie<\/p>\n\n\n\n<p>Wie in allen D\u00f6rfern (so auch in Deinsen) war der Thie eine historische St\u00e4tte. Hier wurde Gericht gehalten, Versammlungen abgehalten, auch Gemeindevertreter gew\u00e4hlt und in der Weide Zeltfeste gefeiert. In der Wiese fand 1899 die Fahnenweihe des M\u00e4nner-Gesangvereins statt.<\/p>\n\n\n\n<div class=\"wp-block-media-text is-stacked-on-mobile\"><figure class=\"wp-block-media-text__media\"><a href=\"https:\/\/www.deinsen.de\/wp-content\/uploads\/2023\/HKV Thie-Brunnen\/PXL_20231011_094558878.MP_.jpg\"><img loading=\"lazy\" decoding=\"async\" width=\"1024\" height=\"771\" src=\"https:\/\/www.deinsen.de\/wp-content\/uploads\/2023\/HKV Thie-Brunnen\/PXL_20231011_094558878.MP_.jpg\" alt=\"\" class=\"wp-image-2922 size-full\" srcset=\"https:\/\/www.deinsen.de\/wp-content\/uploads\/2023\/HKV%20Thie-Brunnen\/PXL_20231011_094558878.MP_.jpg 1024w, https:\/\/www.deinsen.de\/wp-content\/uploads\/2023\/HKV%20Thie-Brunnen\/PXL_20231011_094558878.MP_-300x226.jpg 300w, https:\/\/www.deinsen.de\/wp-content\/uploads\/2023\/HKV%20Thie-Brunnen\/PXL_20231011_094558878.MP_-768x578.jpg 768w\" sizes=\"auto, (max-width: 1024px) 100vw, 1024px\" \/><\/a><\/figure><div class=\"wp-block-media-text__content\">\n<p>Der Thie-Brunnen am Anfang des 18. Jahrhunderts aus Rauhsteinen gebaut, ist 2,5 m tief und wurde damals mit einer Natursteinplatte abgedeckt. Bis ca. 1950 versorgte der Brunnen die umliegenden H\u00e4user mit Trinkwasser.<br>Foto: Ortrud Michael<\/p>\n<\/div><\/div>\n\n\n\n<p><\/p>\n\n\n\n<div class=\"wp-block-media-text is-stacked-on-mobile\"><figure class=\"wp-block-media-text__media\"><a href=\"https:\/\/www.deinsen.de\/wp-content\/uploads\/Thiebrunnen.jpg\"><img loading=\"lazy\" decoding=\"async\" width=\"1024\" height=\"683\" src=\"https:\/\/www.deinsen.de\/wp-content\/uploads\/Thiebrunnen-1024x683.jpg\" alt=\"\" class=\"wp-image-3635 size-full\" srcset=\"https:\/\/www.deinsen.de\/wp-content\/uploads\/Thiebrunnen-1024x683.jpg 1024w, https:\/\/www.deinsen.de\/wp-content\/uploads\/Thiebrunnen-300x200.jpg 300w, https:\/\/www.deinsen.de\/wp-content\/uploads\/Thiebrunnen-768x512.jpg 768w, https:\/\/www.deinsen.de\/wp-content\/uploads\/Thiebrunnen-120x80.jpg 120w, https:\/\/www.deinsen.de\/wp-content\/uploads\/Thiebrunnen.jpg 1536w\" sizes=\"auto, (max-width: 1024px) 100vw, 1024px\" \/><\/a><\/figure><div class=\"wp-block-media-text__content\">\n<p>Der Thie-Brunnen versorgte die Bewohner und das Vieh der umliegenden H\u00e4user und H\u00f6fe mit Trinkwasser. Heute (nach dem S\u00e4ubern des Brunnens) konnten nur kleine Pf\u00fctzen von den Helfern im Brunnenschacht entdeckt werden.<br>Foto: Ortrud Michael<\/p>\n<\/div><\/div>\n\n\n\n<p><strong>Der Thie-Brunnen wurde restauriert<\/strong> (11. Okt.<strong> 2023<\/strong>) <br>Der Heimat- und Kulturverein hat mit Hilfe von Peter und Willi Gusek sowie Manfred Riedel den Thie-Brunnen vom Efeu befreit. Das Efeu wucherte \u00fcber Jahrzehnte und der Thie-Brunnen war nicht mehr sichtbar. Ein alter Balken mit der Beschriftung \u201eThie-Brunnen\u201c sowie eine Metallplatte mit Zahlenkombinationen wurden von den Helfern entdeckt. Die Arbeiten dauerten rund 1,5 Tage. Ein herzliches Dankesch\u00f6n an die Gruppe f\u00fcr ihren Einsatz. &gt;&gt;&gt;<strong> weitere Fotos<\/strong>:&nbsp; <a href=\"https:\/\/www.deinsen.de\/?p=1503\">https:\/\/www.deinsen.de\/?p=1503<\/a><br><br>N<strong>achtrag:<\/strong> Der Wasserstand im Brunnen schwankt. Am Tag der \u201eFreilegung\u201c waren auf dem Grund nur Pf\u00fctzen zu sehen. Dies war aber Tage sp\u00e4ter anders. Der Wasserstand stieg auf ca. 1 m und \u00e4ndert sich je nach Wetterlage.<\/p>\n","protected":false},"excerpt":{"rendered":"<p>zu finden: Am Thie Wie in allen D\u00f6rfern (so auch in Deinsen) war der Thie eine historische St\u00e4tte. Hier wurde Gericht gehalten, Versammlungen abgehalten, auch Gemeindevertreter gew\u00e4hlt und in der<\/p>\n","protected":false},"author":1,"featured_media":3634,"parent":0,"menu_order":0,"comment_status":"closed","ping_status":"closed","template":"","meta":{"footnotes":""},"class_list":["post-3734","page","type-page","status-publish","has-post-thumbnail","hentry"],"_links":{"self":[{"href":"https:\/\/www.deinsen.de\/index.php?rest_route=\/wp\/v2\/pages\/3734","targetHints":{"allow":["GET"]}}],"collection":[{"href":"https:\/\/www.deinsen.de\/index.php?rest_route=\/wp\/v2\/pages"}],"about":[{"href":"https:\/\/www.deinsen.de\/index.php?rest_route=\/wp\/v2\/types\/page"}],"author":[{"embeddable":true,"href":"https:\/\/www.deinsen.de\/index.php?rest_route=\/wp\/v2\/users\/1"}],"replies":[{"embeddable":true,"href":"https:\/\/www.deinsen.de\/index.php?rest_route=%2Fwp%2Fv2%2Fcomments&post=3734"}],"version-history":[{"count":12,"href":"https:\/\/www.deinsen.de\/index.php?rest_route=\/wp\/v2\/pages\/3734\/revisions"}],"predecessor-version":[{"id":3890,"href":"https:\/\/www.deinsen.de\/index.php?rest_route=\/wp\/v2\/pages\/3734\/revisions\/3890"}],"wp:featuredmedia":[{"embeddable":true,"href":"https:\/\/www.deinsen.de\/index.php?rest_route=\/wp\/v2\/media\/3634"}],"wp:attachment":[{"href":"https:\/\/www.deinsen.de\/index.php?rest_route=%2Fwp%2Fv2%2Fmedia&parent=3734"}],"curies":[{"name":"wp","href":"https:\/\/api.w.org\/{rel}","templated":true}]}}

<p>zu finden: Am Thie</p>



<p>Wie in allen Dörfern (so auch in Deinsen) war der Thie eine historische Stätte. Hier wurde Gericht gehalten, Versammlungen abgehalten, auch Gemeindevertreter gewählt und in der Weide Zeltfeste gefeiert. In der Wiese fand 1899 die Fahnenweihe des Männer-Gesangvereins statt.</p>



<div class="wp-block-media-text is-stacked-on-mobile"><figure class="wp-block-media-text__media"><a href="https://www.deinsen.de/wp-content/uploads/2023/HKV Thie-Brunnen/PXL_20231011_094558878.MP_.jpg"><img loading="lazy" decoding="async" width="1024" height="771" src="https://www.deinsen.de/wp-content/uploads/2023/HKV Thie-Brunnen/PXL_20231011_094558878.MP_.jpg" alt="" class="wp-image-2922 size-full" srcset="https://www.deinsen.de/wp-content/uploads/2023/HKV%20Thie-Brunnen/PXL_20231011_094558878.MP_.jpg 1024w, https://www.deinsen.de/wp-content/uploads/2023/HKV%20Thie-Brunnen/PXL_20231011_094558878.MP_-300x226.jpg 300w, https://www.deinsen.de/wp-content/uploads/2023/HKV%20Thie-Brunnen/PXL_20231011_094558878.MP_-768x578.jpg 768w" sizes="auto, (max-width: 1024px) 100vw, 1024px" /></a></figure><div class="wp-block-media-text__content">
<p>Der Thie-Brunnen am Anfang des 18. Jahrhunderts aus Rauhsteinen gebaut, ist 2,5 m tief und wurde damals mit einer Natursteinplatte abgedeckt. Bis ca. 1950 versorgte der Brunnen die umliegenden Häuser mit Trinkwasser.<br>Foto: Ortrud Michael</p>
</div></div>



<p></p>



<div class="wp-block-media-text is-stacked-on-mobile"><figure class="wp-block-media-text__media"><a href="https://www.deinsen.de/wp-content/uploads/Thiebrunnen.jpg"><img loading="lazy" decoding="async" width="1024" height="683" src="https://www.deinsen.de/wp-content/uploads/Thiebrunnen-1024x683.jpg" alt="" class="wp-image-3635 size-full" srcset="https://www.deinsen.de/wp-content/uploads/Thiebrunnen-1024x683.jpg 1024w, https://www.deinsen.de/wp-content/uploads/Thiebrunnen-300x200.jpg 300w, https://www.deinsen.de/wp-content/uploads/Thiebrunnen-768x512.jpg 768w, https://www.deinsen.de/wp-content/uploads/Thiebrunnen-120x80.jpg 120w, https://www.deinsen.de/wp-content/uploads/Thiebrunnen.jpg 1536w" sizes="auto, (max-width: 1024px) 100vw, 1024px" /></a></figure><div class="wp-block-media-text__content">
<p>Der Thie-Brunnen versorgte die Bewohner und das Vieh der umliegenden Häuser und Höfe mit Trinkwasser. Heute (nach dem Säubern des Brunnens) konnten nur kleine Pfützen von den Helfern im Brunnenschacht entdeckt werden.<br>Foto: Ortrud Michael</p>
</div></div>



<p><strong>Der Thie-Brunnen wurde restauriert</strong> (11. Okt.<strong> 2023</strong>) <br>Der Heimat- und Kulturverein hat mit Hilfe von Peter und Willi Gusek sowie Manfred Riedel den Thie-Brunnen vom Efeu befreit. Das Efeu wucherte über Jahrzehnte und der Thie-Brunnen war nicht mehr sichtbar. Ein alter Balken mit der Beschriftung „Thie-Brunnen“ sowie eine Metallplatte mit Zahlenkombinationen wurden von den Helfern entdeckt. Die Arbeiten dauerten rund 1,5 Tage. Ein herzliches Dankeschön an die Gruppe für ihren Einsatz. &gt;&gt;&gt;<strong> weitere Fotos</strong>:&nbsp; <a href="https://www.deinsen.de/?p=1503">https://www.deinsen.de/?p=1503</a><br><br>N<strong>achtrag:</strong> Der Wasserstand im Brunnen schwankt. Am Tag der „Freilegung“ waren auf dem Grund nur Pfützen zu sehen. Dies war aber Tage später anders. Der Wasserstand stieg auf ca. 1 m und ändert sich je nach Wetterlage.</p>

<p>zu finden: Am Thie Wie in allen Dörfern (so auch in Deinsen) war der Thie eine historische Stätte. Hier wurde Gericht gehalten, Versammlungen abgehalten, auch Gemeindevertreter gewählt und in der</p>
