{"id":3806,"date":"2025-07-28T16:17:41","date_gmt":"2025-07-28T14:17:41","guid":{"rendered":"https:\/\/www.deinsen.de\/?page_id=3806"},"modified":"2025-08-01T11:27:41","modified_gmt":"2025-08-01T09:27:41","slug":"qr-schule-heute-fuer-die-dorfgemeinschaft","status":"publish","type":"page","link":"https:\/\/www.deinsen.de\/?page_id=3806","title":{"rendered":"QR &#8211; fr\u00fcher Schule &#8211; heute f\u00fcr die Dorfgemeinschaft"},"content":{"rendered":"\n<p>Zu finden: Schulstr. 1<br>Fotos: Friedrich Vennekohl und Verena Bloch (Kulturium)<\/p>\n\n\n\n<div class=\"wp-block-media-text is-stacked-on-mobile\"><figure class=\"wp-block-media-text__media\"><img loading=\"lazy\" decoding=\"async\" width=\"974\" height=\"595\" src=\"https:\/\/www.deinsen.de\/wp-content\/uploads\/Schule-am-Sportplatz-um-1960.png\" alt=\"\" class=\"wp-image-3801 size-full\" srcset=\"https:\/\/www.deinsen.de\/wp-content\/uploads\/Schule-am-Sportplatz-um-1960.png 974w, https:\/\/www.deinsen.de\/wp-content\/uploads\/Schule-am-Sportplatz-um-1960-300x183.png 300w, https:\/\/www.deinsen.de\/wp-content\/uploads\/Schule-am-Sportplatz-um-1960-768x469.png 768w\" sizes=\"auto, (max-width: 974px) 100vw, 974px\" \/><\/figure><div class=\"wp-block-media-text__content\">\n<p>1958 wurde die dritte Dorfschule mit Sozialtrakt sowie einige Jahre sp\u00e4ter Sportplatz und Spielplatz gebaut. Diese entstand am Ortsrand im S\u00fcdwesten. Das Besondere an dieser Schule war ein \u201eSozialtrakt\u201c, in dem \u00f6ffentliche Wannenb\u00e4der untergebracht waren. Nach Erz\u00e4hlungen erlebten diese besonders an Samstagen gro\u00dfen Ansturm, denn ein Badezimmer war f\u00fcr viele Familien zur Zeit des Schulneubaus noch keine Selbstverst\u00e4ndlichkeit. <\/p>\n<\/div><\/div>\n\n\n\n<div class=\"wp-block-media-text is-stacked-on-mobile\"><figure class=\"wp-block-media-text__media\"><img loading=\"lazy\" decoding=\"async\" width=\"1000\" height=\"750\" src=\"https:\/\/www.deinsen.de\/wp-content\/uploads\/Schule-mit-Anbau.jpg\" alt=\"\" class=\"wp-image-3803 size-full\" srcset=\"https:\/\/www.deinsen.de\/wp-content\/uploads\/Schule-mit-Anbau.jpg 1000w, https:\/\/www.deinsen.de\/wp-content\/uploads\/Schule-mit-Anbau-300x225.jpg 300w, https:\/\/www.deinsen.de\/wp-content\/uploads\/Schule-mit-Anbau-768x576.jpg 768w\" sizes=\"auto, (max-width: 1000px) 100vw, 1000px\" \/><\/figure><div class=\"wp-block-media-text__content\">\n<p>In der dritten Deinser Schule wurde noch bis 1970 unterrichtet. Angebaut wurden Geb\u00e4ude f\u00fcr die Feuerwehr, Sportverein sowie das Haus der Vereine. Bis heute werden die R\u00e4ume als Dorfgemeinschaftshaus und Kindergarten genutzt.<\/p>\n\n\n\n<p>Gesammelte Zeitungsberichte von Hans Schmull  \u2013 <a href=\"https:\/\/www.deinsen.de\/?p=951\" data-type=\"link\" data-id=\"https:\/\/www.deinsen.de\/?p=951\" target=\"_blank\" rel=\"noreferrer noopener\">Deinsen Kinderspielkreis 1974-1986.<\/a><\/p>\n\n\n\n<p><br>\u00a0<\/p>\n<\/div><\/div>\n","protected":false},"excerpt":{"rendered":"<p>Zu finden: Schulstr. 1Fotos: Friedrich Vennekohl und Verena Bloch (Kulturium) 1958 wurde die dritte Dorfschule mit Sozialtrakt sowie einige Jahre sp\u00e4ter Sportplatz und Spielplatz gebaut. Diese entstand am Ortsrand im<\/p>\n","protected":false},"author":1,"featured_media":0,"parent":0,"menu_order":0,"comment_status":"closed","ping_status":"closed","template":"","meta":{"footnotes":""},"class_list":["post-3806","page","type-page","status-publish","hentry"],"_links":{"self":[{"href":"https:\/\/www.deinsen.de\/index.php?rest_route=\/wp\/v2\/pages\/3806","targetHints":{"allow":["GET"]}}],"collection":[{"href":"https:\/\/www.deinsen.de\/index.php?rest_route=\/wp\/v2\/pages"}],"about":[{"href":"https:\/\/www.deinsen.de\/index.php?rest_route=\/wp\/v2\/types\/page"}],"author":[{"embeddable":true,"href":"https:\/\/www.deinsen.de\/index.php?rest_route=\/wp\/v2\/users\/1"}],"replies":[{"embeddable":true,"href":"https:\/\/www.deinsen.de\/index.php?rest_route=%2Fwp%2Fv2%2Fcomments&post=3806"}],"version-history":[{"count":7,"href":"https:\/\/www.deinsen.de\/index.php?rest_route=\/wp\/v2\/pages\/3806\/revisions"}],"predecessor-version":[{"id":3856,"href":"https:\/\/www.deinsen.de\/index.php?rest_route=\/wp\/v2\/pages\/3806\/revisions\/3856"}],"wp:attachment":[{"href":"https:\/\/www.deinsen.de\/index.php?rest_route=%2Fwp%2Fv2%2Fmedia&parent=3806"}],"curies":[{"name":"wp","href":"https:\/\/api.w.org\/{rel}","templated":true}]}}