{"id":75,"date":"2019-11-26T21:24:44","date_gmt":"2019-11-26T21:24:44","guid":{"rendered":"https:\/\/deinsen.de\/?page_id=75"},"modified":"2021-02-22T21:48:16","modified_gmt":"2021-02-22T20:48:16","slug":"schutzhuette-deinsen","status":"publish","type":"page","link":"https:\/\/www.deinsen.de\/?page_id=75","title":{"rendered":"Schutzh\u00fctte Deinsen"},"content":{"rendered":"\n<h2 class=\"wp-block-heading\"> Anmeldung \u00fcber den Heimat- und Kulturverein Deinsen e.V. <\/h2>\n\n\n\n<p>Frau Susanne Scholz, <strong>Telefon: 0160\/1767879<\/strong>  <\/p>\n\n\n\n<p>Deinser Schutzh\u00fctte mit kleiner Feuerstelle. <\/p>\n\n\n\n<figure class=\"wp-block-image size-large\"><img decoding=\"async\" src=\"https:\/\/www.deinsen.de\/wp-content\/uploads\/Deinsen Umgebung\/schutzhuette\/Schutzhuette-Deinsen.jpg\" alt=\"\"\/><\/figure>\n\n\n\n<p><strong>Die Pflege von Wegen, dem Ehrenmal, Rastpl\u00e4tzen und der Deinser Schutzh\u00fctte \u00fcbernehmen Mitglieder des Heimat- und Kulturvereins Deinsen<\/strong>.<\/p>\n\n\n\n<figure class=\"wp-block-image size-large\"><img loading=\"lazy\" decoding=\"async\" width=\"1024\" height=\"683\" src=\"https:\/\/www.deinsen.de\/wp-content\/uploads\/Deinsen Umgebung\/Deinen_G.Stein-11-1024x683.jpg\" alt=\"\" class=\"wp-image-620\" srcset=\"https:\/\/www.deinsen.de\/wp-content\/uploads\/Deinsen%20Umgebung\/Deinen_G.Stein-11-1024x683.jpg 1024w, https:\/\/www.deinsen.de\/wp-content\/uploads\/Deinsen%20Umgebung\/Deinen_G.Stein-11-300x200.jpg 300w, https:\/\/www.deinsen.de\/wp-content\/uploads\/Deinsen%20Umgebung\/Deinen_G.Stein-11-768x512.jpg 768w, https:\/\/www.deinsen.de\/wp-content\/uploads\/Deinsen%20Umgebung\/Deinen_G.Stein-11-120x80.jpg 120w, https:\/\/www.deinsen.de\/wp-content\/uploads\/Deinsen%20Umgebung\/Deinen_G.Stein-11.jpg 1200w\" sizes=\"auto, (max-width: 1024px) 100vw, 1024px\" \/><figcaption>v.li.  Martin Mundhenke, Peter Gussek, Willi Gussek<\/figcaption><\/figure>\n\n\n\n<p> <\/p>\n\n\n\n<figure class=\"wp-block-gallery columns-2 is-cropped wp-block-gallery-1 is-layout-flex wp-block-gallery-is-layout-flex\"><ul class=\"blocks-gallery-grid\"><li class=\"blocks-gallery-item\"><figure><a href=\"https:\/\/www.deinsen.de\/wp-content\/uploads\/Deinsen Umgebung\/schutzhuette\/Peter-Gusek-beim-Maehen.jpg\"><img loading=\"lazy\" decoding=\"async\" width=\"1024\" height=\"682\" src=\"https:\/\/www.deinsen.de\/wp-content\/uploads\/Deinsen Umgebung\/schutzhuette\/Peter-Gusek-beim-Maehen-1024x682.jpg\" alt=\"\" data-id=\"1540\" data-full-url=\"https:\/\/www.deinsen.de\/wp-content\/uploads\/Deinsen Umgebung\/schutzhuette\/Peter-Gusek-beim-Maehen.jpg\" data-link=\"https:\/\/www.deinsen.de\/?attachment_id=1540\" class=\"wp-image-1540\" srcset=\"https:\/\/www.deinsen.de\/wp-content\/uploads\/Deinsen%20Umgebung\/schutzhuette\/Peter-Gusek-beim-Maehen-1024x682.jpg 1024w, https:\/\/www.deinsen.de\/wp-content\/uploads\/Deinsen%20Umgebung\/schutzhuette\/Peter-Gusek-beim-Maehen-300x200.jpg 300w, https:\/\/www.deinsen.de\/wp-content\/uploads\/Deinsen%20Umgebung\/schutzhuette\/Peter-Gusek-beim-Maehen-768x512.jpg 768w, https:\/\/www.deinsen.de\/wp-content\/uploads\/Deinsen%20Umgebung\/schutzhuette\/Peter-Gusek-beim-Maehen-1536x1023.jpg 1536w, https:\/\/www.deinsen.de\/wp-content\/uploads\/Deinsen%20Umgebung\/schutzhuette\/Peter-Gusek-beim-Maehen-120x80.jpg 120w, https:\/\/www.deinsen.de\/wp-content\/uploads\/Deinsen%20Umgebung\/schutzhuette\/Peter-Gusek-beim-Maehen.jpg 1600w\" sizes=\"auto, (max-width: 1024px) 100vw, 1024px\" \/><\/a><figcaption class=\"blocks-gallery-item__caption\">M\u00e4harbeiten am K\u00fclf<\/figcaption><\/figure><\/li><li class=\"blocks-gallery-item\"><figure><a href=\"https:\/\/www.deinsen.de\/wp-content\/uploads\/Deinsen Umgebung\/schutzhuette\/Steinkuhlenhuette.jpg\"><img loading=\"lazy\" decoding=\"async\" width=\"1024\" height=\"768\" src=\"https:\/\/www.deinsen.de\/wp-content\/uploads\/Deinsen Umgebung\/schutzhuette\/Steinkuhlenhuette-1024x768.jpg\" alt=\"\" data-id=\"1542\" data-full-url=\"https:\/\/www.deinsen.de\/wp-content\/uploads\/Deinsen Umgebung\/schutzhuette\/Steinkuhlenhuette.jpg\" data-link=\"https:\/\/www.deinsen.de\/?attachment_id=1542\" class=\"wp-image-1542\" srcset=\"https:\/\/www.deinsen.de\/wp-content\/uploads\/Deinsen%20Umgebung\/schutzhuette\/Steinkuhlenhuette-1024x768.jpg 1024w, https:\/\/www.deinsen.de\/wp-content\/uploads\/Deinsen%20Umgebung\/schutzhuette\/Steinkuhlenhuette-300x225.jpg 300w, https:\/\/www.deinsen.de\/wp-content\/uploads\/Deinsen%20Umgebung\/schutzhuette\/Steinkuhlenhuette-768x576.jpg 768w, https:\/\/www.deinsen.de\/wp-content\/uploads\/Deinsen%20Umgebung\/schutzhuette\/Steinkuhlenhuette-1536x1152.jpg 1536w, https:\/\/www.deinsen.de\/wp-content\/uploads\/Deinsen%20Umgebung\/schutzhuette\/Steinkuhlenhuette.jpg 1600w\" sizes=\"auto, (max-width: 1024px) 100vw, 1024px\" \/><\/a><figcaption class=\"blocks-gallery-item__caption\">P. Gussek mit dem neuen Hinweisschild<\/figcaption><\/figure><\/li><li class=\"blocks-gallery-item\"><figure><a href=\"https:\/\/www.deinsen.de\/wp-content\/uploads\/Deinsen Umgebung\/schutzhuette\/Bank-am-Ehrenmahl.jpg\"><img loading=\"lazy\" decoding=\"async\" width=\"1024\" height=\"576\" src=\"https:\/\/www.deinsen.de\/wp-content\/uploads\/Deinsen Umgebung\/schutzhuette\/Bank-am-Ehrenmahl-1024x576.jpg\" alt=\"\" data-id=\"1541\" data-full-url=\"https:\/\/www.deinsen.de\/wp-content\/uploads\/Deinsen Umgebung\/schutzhuette\/Bank-am-Ehrenmahl.jpg\" data-link=\"https:\/\/www.deinsen.de\/?attachment_id=1541\" class=\"wp-image-1541\" srcset=\"https:\/\/www.deinsen.de\/wp-content\/uploads\/Deinsen%20Umgebung\/schutzhuette\/Bank-am-Ehrenmahl-1024x576.jpg 1024w, https:\/\/www.deinsen.de\/wp-content\/uploads\/Deinsen%20Umgebung\/schutzhuette\/Bank-am-Ehrenmahl-300x169.jpg 300w, https:\/\/www.deinsen.de\/wp-content\/uploads\/Deinsen%20Umgebung\/schutzhuette\/Bank-am-Ehrenmahl-768x432.jpg 768w, https:\/\/www.deinsen.de\/wp-content\/uploads\/Deinsen%20Umgebung\/schutzhuette\/Bank-am-Ehrenmahl-1536x864.jpg 1536w, https:\/\/www.deinsen.de\/wp-content\/uploads\/Deinsen%20Umgebung\/schutzhuette\/Bank-am-Ehrenmahl.jpg 1600w\" sizes=\"auto, (max-width: 1024px) 100vw, 1024px\" \/><\/a><figcaption class=\"blocks-gallery-item__caption\">Bank am Ehrenmal \/gestiftet von Christa Pietsch<\/figcaption><\/figure><\/li><\/ul><\/figure>\n","protected":false},"excerpt":{"rendered":"<p>Anmeldung \u00fcber den Heimat- und Kulturverein Deinsen e.V. Frau Susanne Scholz, Telefon: 0160\/1767879 Deinser Schutzh\u00fctte mit kleiner Feuerstelle. Die Pflege von Wegen, dem Ehrenmal, Rastpl\u00e4tzen und der Deinser Schutzh\u00fctte \u00fcbernehmen<\/p>\n","protected":false},"author":1,"featured_media":0,"parent":0,"menu_order":0,"comment_status":"closed","ping_status":"closed","template":"","meta":{"footnotes":""},"class_list":["post-75","page","type-page","status-publish","hentry"],"_links":{"self":[{"href":"https:\/\/www.deinsen.de\/index.php?rest_route=\/wp\/v2\/pages\/75","targetHints":{"allow":["GET"]}}],"collection":[{"href":"https:\/\/www.deinsen.de\/index.php?rest_route=\/wp\/v2\/pages"}],"about":[{"href":"https:\/\/www.deinsen.de\/index.php?rest_route=\/wp\/v2\/types\/page"}],"author":[{"embeddable":true,"href":"https:\/\/www.deinsen.de\/index.php?rest_route=\/wp\/v2\/users\/1"}],"replies":[{"embeddable":true,"href":"https:\/\/www.deinsen.de\/index.php?rest_route=%2Fwp%2Fv2%2Fcomments&post=75"}],"version-history":[{"count":8,"href":"https:\/\/www.deinsen.de\/index.php?rest_route=\/wp\/v2\/pages\/75\/revisions"}],"predecessor-version":[{"id":1544,"href":"https:\/\/www.deinsen.de\/index.php?rest_route=\/wp\/v2\/pages\/75\/revisions\/1544"}],"wp:attachment":[{"href":"https:\/\/www.deinsen.de\/index.php?rest_route=%2Fwp%2Fv2%2Fmedia&parent=75"}],"curies":[{"name":"wp","href":"https:\/\/api.w.org\/{rel}","templated":true}]}}

Schutzhütte Deinsen

<h2 class="wp-block-heading"> Anmeldung über den Heimat- und Kulturverein Deinsen e.V. </h2>



<p>Frau Susanne Scholz, <strong>Telefon: 0160/1767879</strong>  </p>



<p>Deinser Schutzhütte mit kleiner Feuerstelle. </p>



<figure class="wp-block-image size-large"><img decoding="async" src="https://www.deinsen.de/wp-content/uploads/Deinsen Umgebung/schutzhuette/Schutzhuette-Deinsen.jpg" alt=""/></figure>



<p><strong>Die Pflege von Wegen, dem Ehrenmal, Rastplätzen und der Deinser Schutzhütte übernehmen Mitglieder des Heimat- und Kulturvereins Deinsen</strong>.</p>



<figure class="wp-block-image size-large"><img loading="lazy" decoding="async" width="1024" height="683" src="https://www.deinsen.de/wp-content/uploads/Deinsen Umgebung/Deinen_G.Stein-11-1024x683.jpg" alt="" class="wp-image-620" srcset="https://www.deinsen.de/wp-content/uploads/Deinsen%20Umgebung/Deinen_G.Stein-11-1024x683.jpg 1024w, https://www.deinsen.de/wp-content/uploads/Deinsen%20Umgebung/Deinen_G.Stein-11-300x200.jpg 300w, https://www.deinsen.de/wp-content/uploads/Deinsen%20Umgebung/Deinen_G.Stein-11-768x512.jpg 768w, https://www.deinsen.de/wp-content/uploads/Deinsen%20Umgebung/Deinen_G.Stein-11-120x80.jpg 120w, https://www.deinsen.de/wp-content/uploads/Deinsen%20Umgebung/Deinen_G.Stein-11.jpg 1200w" sizes="auto, (max-width: 1024px) 100vw, 1024px" /><figcaption>v.li.  Martin Mundhenke, Peter Gussek, Willi Gussek</figcaption></figure>



<p> </p>



<figure class="wp-block-gallery columns-2 is-cropped wp-block-gallery-1 is-layout-flex wp-block-gallery-is-layout-flex"><ul class="blocks-gallery-grid"><li class="blocks-gallery-item"><figure><a href="https://www.deinsen.de/wp-content/uploads/Deinsen Umgebung/schutzhuette/Peter-Gusek-beim-Maehen.jpg"><img loading="lazy" decoding="async" width="1024" height="682" src="https://www.deinsen.de/wp-content/uploads/Deinsen Umgebung/schutzhuette/Peter-Gusek-beim-Maehen-1024x682.jpg" alt="" data-id="1540" data-full-url="https://www.deinsen.de/wp-content/uploads/Deinsen Umgebung/schutzhuette/Peter-Gusek-beim-Maehen.jpg" data-link="https://www.deinsen.de/?attachment_id=1540" class="wp-image-1540" srcset="https://www.deinsen.de/wp-content/uploads/Deinsen%20Umgebung/schutzhuette/Peter-Gusek-beim-Maehen-1024x682.jpg 1024w, https://www.deinsen.de/wp-content/uploads/Deinsen%20Umgebung/schutzhuette/Peter-Gusek-beim-Maehen-300x200.jpg 300w, https://www.deinsen.de/wp-content/uploads/Deinsen%20Umgebung/schutzhuette/Peter-Gusek-beim-Maehen-768x512.jpg 768w, https://www.deinsen.de/wp-content/uploads/Deinsen%20Umgebung/schutzhuette/Peter-Gusek-beim-Maehen-1536x1023.jpg 1536w, https://www.deinsen.de/wp-content/uploads/Deinsen%20Umgebung/schutzhuette/Peter-Gusek-beim-Maehen-120x80.jpg 120w, https://www.deinsen.de/wp-content/uploads/Deinsen%20Umgebung/schutzhuette/Peter-Gusek-beim-Maehen.jpg 1600w" sizes="auto, (max-width: 1024px) 100vw, 1024px" /></a><figcaption class="blocks-gallery-item__caption">Mäharbeiten am Külf</figcaption></figure></li><li class="blocks-gallery-item"><figure><a href="https://www.deinsen.de/wp-content/uploads/Deinsen Umgebung/schutzhuette/Steinkuhlenhuette.jpg"><img loading="lazy" decoding="async" width="1024" height="768" src="https://www.deinsen.de/wp-content/uploads/Deinsen Umgebung/schutzhuette/Steinkuhlenhuette-1024x768.jpg" alt="" data-id="1542" data-full-url="https://www.deinsen.de/wp-content/uploads/Deinsen Umgebung/schutzhuette/Steinkuhlenhuette.jpg" data-link="https://www.deinsen.de/?attachment_id=1542" class="wp-image-1542" srcset="https://www.deinsen.de/wp-content/uploads/Deinsen%20Umgebung/schutzhuette/Steinkuhlenhuette-1024x768.jpg 1024w, https://www.deinsen.de/wp-content/uploads/Deinsen%20Umgebung/schutzhuette/Steinkuhlenhuette-300x225.jpg 300w, https://www.deinsen.de/wp-content/uploads/Deinsen%20Umgebung/schutzhuette/Steinkuhlenhuette-768x576.jpg 768w, https://www.deinsen.de/wp-content/uploads/Deinsen%20Umgebung/schutzhuette/Steinkuhlenhuette-1536x1152.jpg 1536w, https://www.deinsen.de/wp-content/uploads/Deinsen%20Umgebung/schutzhuette/Steinkuhlenhuette.jpg 1600w" sizes="auto, (max-width: 1024px) 100vw, 1024px" /></a><figcaption class="blocks-gallery-item__caption">P. Gussek mit dem neuen Hinweisschild</figcaption></figure></li><li class="blocks-gallery-item"><figure><a href="https://www.deinsen.de/wp-content/uploads/Deinsen Umgebung/schutzhuette/Bank-am-Ehrenmahl.jpg"><img loading="lazy" decoding="async" width="1024" height="576" src="https://www.deinsen.de/wp-content/uploads/Deinsen Umgebung/schutzhuette/Bank-am-Ehrenmahl-1024x576.jpg" alt="" data-id="1541" data-full-url="https://www.deinsen.de/wp-content/uploads/Deinsen Umgebung/schutzhuette/Bank-am-Ehrenmahl.jpg" data-link="https://www.deinsen.de/?attachment_id=1541" class="wp-image-1541" srcset="https://www.deinsen.de/wp-content/uploads/Deinsen%20Umgebung/schutzhuette/Bank-am-Ehrenmahl-1024x576.jpg 1024w, https://www.deinsen.de/wp-content/uploads/Deinsen%20Umgebung/schutzhuette/Bank-am-Ehrenmahl-300x169.jpg 300w, https://www.deinsen.de/wp-content/uploads/Deinsen%20Umgebung/schutzhuette/Bank-am-Ehrenmahl-768x432.jpg 768w, https://www.deinsen.de/wp-content/uploads/Deinsen%20Umgebung/schutzhuette/Bank-am-Ehrenmahl-1536x864.jpg 1536w, https://www.deinsen.de/wp-content/uploads/Deinsen%20Umgebung/schutzhuette/Bank-am-Ehrenmahl.jpg 1600w" sizes="auto, (max-width: 1024px) 100vw, 1024px" /></a><figcaption class="blocks-gallery-item__caption">Bank am Ehrenmal /gestiftet von Christa Pietsch</figcaption></figure></li></ul></figure>

<p>Anmeldung über den Heimat- und Kulturverein Deinsen e.V. Frau Susanne Scholz, Telefon: 0160/1767879 Deinser Schutzhütte mit kleiner Feuerstelle. Die Pflege von Wegen, dem Ehrenmal, Rastplätzen und der Deinser Schutzhütte übernehmen</p>
